/(((-10)/(-2))/(-15)). What is the greatest common factor of y and x?
1
Suppose 72 = r - 2*l - 1, 2*r - 101 = -5*l. What is the greatest common divisor of r and 18?
9
Suppose -7*c = -9*c + 4. Suppose 3*p + c = -3*j - p, -j + 1 = p. Calculate the greatest common factor of j and 42.
6
Suppose 26*g - 3810 + 482 = 0. What is the highest common divisor of 96 and g?
32
Let l be 1 + 2 + (0 - 1). Suppose 5*j = 2*c + c + 209, -2*j + l*c + 86 = 0. Let i = 122 - 22. What is the greatest common factor of j and i?
20
Let k(w) be the second derivative of w**4/12 + w**3/2 + 5*w**2/2 + 4*w. Let z be k(-5). Suppose 2*d - 2 - 8 = 0. What is the highest common factor of z and d?
5
Suppose -f = -3*f - 6. Let j be ((-8)/f)/(9/108). Calculate the highest common divisor of 48 and j.
16
Let t = 16 + 12. Let g = t - 11. What is the greatest common factor of g and 17?
17
Let n = -922 - -962. Let x = -28 + 52. Calculate the highest common divisor of x and n.
8
Let s be 348 + (0/(-2) - -6) + 1. What is the highest common divisor of s and 5?
5
Let x be (1100/(-30))/(10/(-12)). What is the greatest common divisor of x and 341?
11
Let u(q) = 10*q**2 + 6*q. Let v be u(-2). What is the highest common divisor of 154 and v?
14
Suppose -3*n + 9*a = 13*a - 152, 4*n - 204 = -5*a. What is the highest common factor of n and 35?
7
Let s(i) = -23*i**3 + 2*i**2 + i. Let w be s(-1). Suppose 2*t = 30 + w. Suppose 2*a - t = -7. Calculate the highest common factor of 30 and a.
10
Let x = -328 + 556. What is the greatest common factor of x and 399?
57
Suppose 24*v - 23*v - 30 = 0. Let g(k) = -k**2 - 9*k + 4. Let q be g(-8). What is the highest common divisor of v and q?
6
Let w be -13 + ((-5)/((-15)/(-12)) - -7). Let m be 2496/65 - (-4)/w. Calculate the greatest common factor of m and 76.
38
Let h = -1127 + 1578. What is the highest common divisor of 55 and h?
11
Let b(u) = u**2 + 5*u + 10. Let f(z) = -3*z - 5. Let o be f(-6). Suppose -2*y - 3 - o = 0. Let s be b(y). What is the highest common divisor of 17 and s?
17
Let v be (-4)/(-2)*54/(-4). Let c = -22 - v. Calculate the greatest common divisor of 55 and c.
5
Let y(p) = -p**2 + 164. Let b be y(11). Calculate the highest common divisor of 172 and b.
43
Let n be (-56)/2*(-1 + -1). Let d be ((0/3)/(-2))/(-1). Suppose d = s + 7 - 15. Calculate the highest common divisor of s and n.
8
Let a = -69 + 107. What is the greatest common factor of 1 and a?
1
Let b = 28 - 20. Let v(h) = h**3 - 2*h**2 - 3*h + 2. Let k be v(3). Suppose w + 2*j - 22 = -k*j, 5*w = 2*j. What is the greatest common factor of w and b?
2
Suppose -1 + 6 = 5*c. Let a be 9/3 + 4/c. What is the greatest common factor of 49 and a?
7
Let n = -35 + 23. Suppose 32 + 40 = 8*o. Let y be n/(3 - o/2). What is the highest common factor of y and 40?
8
Let r(p) = -p**3 - 18*p**2 + 19*p + 4. Let i be r(-19). Suppose -i*h + 5*a + 270 = 0, -4*h = -3*a - 201 - 65. Calculate the greatest common factor of h and 26.
13
Let l = -178 + 195. What is the highest common divisor of 68 and l?
17
Let x(h) = 2*h**2 - 24*h + 2. Let a be x(12). Suppose 34 = -a*n + 98. What is the greatest common divisor of n and 4?
4
Let j = 183 - 177. What is the greatest common divisor of 6 and j?
6
Let r be 6/39 - (-3378)/13. Let q = r - 152. Calculate the highest common divisor of q and 12.
12
Let s(r) = 2*r + 3. Let c be s(-13). Let i(h) = -h**2 - 25*h + 53. Let f be i(c). Calculate the greatest common divisor of 11 and f.
11
Let c be 4 + 0 + (-6)/2. Let a be 60/3 + 3 + c. Suppose -2*z - 4*w + 204 = 0, -3*z - 111 = -2*w - 393. What is the greatest common divisor of a and z?
24
Let k be 121/(-3) - (-6)/(-9). Let n = k - -80. Calculate the highest common divisor of 26 and n.
13
Let g be (16/6 - 2)*207. Let n = g - 81. Suppose 5*j = -2*p + 102, -4*j = 2*p - 47 - n. What is the greatest common factor of 8 and p?
8
Suppose -2*t + 4*i = -24, -3*i = -1 - 14. Let j = 28 + 5. Let v be 34/4 - j/t. Calculate the greatest common divisor of 49 and v.
7
Suppose 0 = 2*s - 3*n - 1496, -246*s = -242*s + 5*n - 2970. Calculate the greatest common divisor of s and 298.
149
Suppose -232 = -2*c + 113*s - 116*s, 5*c - s - 546 = 0. Calculate the highest common divisor of c and 70.
10
Let c be (-93)/18*(-12 + 6). Suppose 0 = -30*p + c*p - 31. Calculate the greatest common factor of p and 155.
31
Let q be (-34)/(-51)*6/(-4). Let y(l) = -l + 2. Let b be y(q). Suppose -p = 4*g - 77, -b*g + p = 2*p - 57. Calculate the greatest common divisor of 220 and g.
20
Suppose -2*j + 78 = 3*f, -3*f = -3*j - 45 - 18. What is the highest common divisor of f and 420?
12
Let q(b) = 526*b + 2640. Let w be q(-5). Suppose -4*s = -3*j - 11, -4 = -2*j + 2. Calculate the greatest common factor of s and w.
5
Let o be 4/(-8)*147*-2. Calculate the highest common divisor of 84 and o.
21
Let z = 27 + -15. Let x(d) = -3. Let b(m) = -m + 14. Let y(h) = -3*b(h) - 21*x(h). Let n be y(13). Calculate the greatest common factor of n and z.
12
Suppose d = -4*z - 3 - 11, -4*d - 2*z = 0. Calculate the greatest common factor of 240 and d.
2
Suppose -j + 19 - 15 = 0. Suppose 0 = j*x - 248 - 256. Calculate the greatest common divisor of 14 and x.
14
Let z(d) = -2*d**3 + 13*d**2 + 11*d - 20. Let p be z(7). What is the highest common factor of p and 16?
8
Let x = 11 + -9. Suppose -n = 4*h - 12, -78 = -x*n - 2*n - h. Calculate the greatest common divisor of n and 220.
20
Let q = -145 - -205. Suppose 2*v = v + 5. Suppose 0 = -5*n + 2*u + 60, 4*n + 3*u = v*u + 48. What is the greatest common factor of q and n?
12
Let g = -6 + 4. Let c be ((-3)/g)/(54/9864). Suppose 4*y - c = 174. Calculate the greatest common divisor of 14 and y.
14
Let z be (1/5)/(-1) - 9/(-45). Suppose -5*y = 2*c - 157, -y = -c - z*y + 61. What is the highest common factor of c and 33?
33
Let w(q) be the third derivative of -q**6/120 + 13*q**5/60 + 3*q**4/8 - 6*q**2. Let s be w(13). What is the greatest common divisor of s and 13?
13
Let h be (3 + (-2)/1)*2. Suppose -h*k = -6*k + 64. Suppose -2*l + 4 + 5 = 5*j, 5*l - 2*j = 8. Calculate the greatest common divisor of l and k.
2
Suppose -4*v = -5*j + v + 945, -3*j = v - 567. Calculate the highest common divisor of 21 and j.
21
Let f = -1920 + 2883. Suppose 193 = -7*j + f. What is the highest common factor of j and 44?
22
Let q be ((-18325)/15 + -1)*36/(-42). What is the highest common factor of 131 and q?
131
Suppose 0 = -j + 1 + 3. Let s = -60 + 107. Let o = 63 - s. What is the highest common divisor of o and j?
4
Let a(r) = 7*r**2 + 4*r + 4. Let v be a(-3). Let h be (2 - (-20)/(-9)) + 97/(-9). Let z = v - h. Calculate the greatest common divisor of z and 44.
22
Suppose 2*r + 5 = -0*r - 5*c, 5*r - 10 = -5*c. Calculate the highest common factor of 7 and r.
1
Let p(k) = 35*k + 405. Let f be p(-10). Let u be (11/(-2))/((-1)/2). What is the highest common divisor of u and f?
11
Let m be (6 - 10)*-2 + 68. Let i be (-2272)/(-12) - (-4)/6. What is the highest common factor of i and m?
38
Let y be 5*(-8)/(-60)*3. Suppose p = 3*p - 2*n - y, -3*p = 5*n - 11. Suppose -5 + 3 = -m + t, 2*m + 3*t - 9 = 0. Calculate the highest common factor of m and p.
1
Let g(s) = -s**3 + 25*s**2 - 6*s. Let q be g(9). Calculate the greatest common divisor of 18 and q.
18
Let t = 3046 - 2794. Let h be 0/(-2) - -28 - 2. Suppose -q = -3*c - 1 - 30, 2*c - h = -q. What is the highest common divisor of q and t?
28
Let q = -2198 + 2211. Calculate the highest common divisor of 689 and q.
13
Let a(p) be the third derivative of -1/12*p**4 + 4*p**2 + 0*p - 1/3*p**3 + 0 + 11/20*p**5. Let b be a(2). What is the greatest common factor of b and 18?
18
Suppose -2*j = -3*j + 5. Suppose 2*c + 107 - 15 = 2*k, -2*k + j*c + 95 = 0. What is the greatest common divisor of k and 405?
45
Let t(d) = -d**2 - 5*d + 8. Let v be t(-6). Suppose -v*k + 32 = -0*k. Suppose -13 = h - 3*m, m = -m + 10. Calculate the highest common divisor of h and k.
2
Let r(x) = 51*x**2 - 2*x - 6. Let b be r(-3). Calculate the greatest common factor of 27 and b.
27
Let q(w) = 9*w - 23. Let o be q(8). Suppose -g + o = -r, 4*r = 5*g + r - 239. Calculate the highest common divisor of 92 and g.
46
Let u be 2/7 - 972/(-28)*1. Let p be (-21)/u + (-53)/(-5). Calculate the greatest common factor of p and 20.
10
Suppose -o = q - 43, 2*q = 2*o - 224 + 118. 